{"id":78,"date":"2019-06-21T15:47:50","date_gmt":"2019-06-21T19:47:50","guid":{"rendered":"https:\/\/bcc.ing.uchile.cl\/?page_id=78"},"modified":"2019-08-29T15:37:15","modified_gmt":"2019-08-29T19:37:15","slug":"innovacion-cientifico-tecnologica","status":"publish","type":"page","link":"https:\/\/bcc.ing.uchile.cl\/?page_id=78","title":{"rendered":"Innovaci\u00f3n cient\u00edfico-tecnol\u00f3gica"},"content":{"rendered":"\n<figure class=\"wp-block-image\"><img decoding=\"async\" src=\"https:\/\/bcc.ing.uchile.cl\/wp-content\/uploads\/2019\/06\/investigacion-1-1024x1024.png\" alt=\"\" class=\"wp-image-142\"\/><\/figure>\n\n\n\n<p>La FCFM desarrolla investigaci\u00f3n en varios \u00e1mbitos relacionados con  la comprensi\u00f3n del fen\u00f3meno del cambio clim\u00e1tico, as\u00ed como la mitigaci\u00f3n  y adaptaci\u00f3n. Nuestros departamentos y centros de excelencia han  liderado investigaciones que han contribuido a entender el sistema  clim\u00e1tico, a cuantificar el impacto que las actividades humanas han  tenido sobre \u00e9l y a proyectar los desaf\u00edos que como sociedad deberemos  enfrentar ante estos nuevos escenarios. Tambi\u00e9n hemos investigado en  nuevas tecnolog\u00edas, generaci\u00f3n de energ\u00edas renovables, tecnolog\u00edas  limpias, miner\u00eda sustentable, ciudades y transporte sustentable,  recursos h\u00eddricos, entre otras. Nuestros compromisos en investigaci\u00f3n e  innovaci\u00f3n son:<\/p>\n\n\n\n<ul class=\"wp-block-list\"><li>Liderar y articular iniciativas con el fin de potenciar a\u00fan m\u00e1s la \ninnovaci\u00f3n para la sostenibilidad, conjugando el desarrollo de \nconocimiento cient\u00edfico y la creaci\u00f3n de nuevas tecnolog\u00edas.<\/li><li>Definir al a\u00f1o 2020 una estrategia de fortalecimiento de la \ninvestigaci\u00f3n e innovaci\u00f3n para abordar los desaf\u00edos del cambio \nclim\u00e1tico.<\/li><\/ul>\n","protected":false},"excerpt":{"rendered":"<p>La FCFM desarrolla investigaci\u00f3n en varios \u00e1mbitos relacionados con la comprensi\u00f3n del fen\u00f3meno del cambio clim\u00e1tico, as\u00ed como la mitigaci\u00f3n [&hellip;]<\/p>\n","protected":false},"author":3,"featured_media":0,"parent":37,"menu_order":0,"comment_status":"closed","ping_status":"closed","template":"","meta":{"footnotes":""},"class_list":["post-78","page","type-page","status-publish","hentry"],"_links":{"self":[{"href":"https:\/\/bcc.ing.uchile.cl\/index.php?rest_route=\/wp\/v2\/pages\/78","targetHints":{"allow":["GET"]}}],"collection":[{"href":"https:\/\/bcc.ing.uchile.cl\/index.php?rest_route=\/wp\/v2\/pages"}],"about":[{"href":"https:\/\/bcc.ing.uchile.cl\/index.php?rest_route=\/wp\/v2\/types\/page"}],"author":[{"embeddable":true,"href":"https:\/\/bcc.ing.uchile.cl\/index.php?rest_route=\/wp\/v2\/users\/3"}],"replies":[{"embeddable":true,"href":"https:\/\/bcc.ing.uchile.cl\/index.php?rest_route=%2Fwp%2Fv2%2Fcomments&post=78"}],"version-history":[{"count":3,"href":"https:\/\/bcc.ing.uchile.cl\/index.php?rest_route=\/wp\/v2\/pages\/78\/revisions"}],"predecessor-version":[{"id":780,"href":"https:\/\/bcc.ing.uchile.cl\/index.php?rest_route=\/wp\/v2\/pages\/78\/revisions\/780"}],"up":[{"embeddable":true,"href":"https:\/\/bcc.ing.uchile.cl\/index.php?rest_route=\/wp\/v2\/pages\/37"}],"wp:attachment":[{"href":"https:\/\/bcc.ing.uchile.cl\/index.php?rest_route=%2Fwp%2Fv2%2Fmedia&parent=78"}],"curies":[{"name":"wp","href":"https:\/\/api.w.org\/{rel}","templated":true}]}}